he prime factors of 291791?
291791
List the prime factors of 1548195.
3, 5, 11, 853
List the prime factors of 1104314.
2, 571, 967
List the prime factors of 744461.
179, 4159
What are the prime factors of 1654049?
17, 149, 653
What are the prime factors of 223068?
2, 3, 29, 641
What are the prime factors of 67940?
2, 5, 43, 79
List the prime factors of 20911662.
2, 3, 387253
What are the prime factors of 3643741?
523, 6967
List the prime factors of 190609.
41, 4649
What are the prime factors of 24330841?
383, 63527
List the prime factors of 267565.
5, 59, 907
What are the prime factors of 627495?
3, 5, 11, 3803
What are the prime factors of 24396996?
2, 3, 13, 43, 3637
List the prime factors of 357010.
2, 5, 19, 1879
What are the prime factors of 528455?
5, 105691
List the prime factors of 14294252.
2, 7, 61, 8369
What are the prime factors of 14649850?
2, 5, 23, 12739
What are the prime factors of 5961583?
5961583
List the prime factors of 853838.
2, 426919
List the prime factors of 5575146.
2, 3, 59, 15749
What are the prime factors of 42292?
2, 97, 109
List the prime factors of 111173.
107, 1039
List the prime factors of 519508.
2, 11, 11807
What are the prime factors of 8346768?
2, 3, 173891
What are the prime factors of 3828838?
2, 13, 147263
What are the prime factors of 6463457?
7, 11, 13, 587
What are the prime factors of 7348588?
2, 13, 141319
What are the prime factors of 1656857?
19, 29, 31, 97
What are the prime factors of 10346537?
193, 53609
List the prime factors of 1147635.
3, 5, 8501
List the prime factors of 7067966.
2, 197, 17939
List the prime factors of 7810995.
3, 5, 19, 27407
List the prime factors of 1616244.
2, 3, 7, 71, 271
List the prime factors of 26974.
2, 13487
List the prime factors of 9760107.
3, 7, 464767
List the prime factors of 369330.
2, 3, 5, 13, 947
What are the prime factors of 4262189?
17, 409, 613
What are the prime factors of 1025396?
2, 256349
What are the prime factors of 4896630?
2, 3, 5, 41, 1327
What are the prime factors of 2234801?
113, 19777
What are the prime factors of 89194?
2, 7, 23, 277
What are the prime factors of 595020?
2, 3, 5, 47, 211
List the prime factors of 136181.
43, 3167
List the prime factors of 8100230.
2, 5, 810023
What are the prime factors of 1927261?
7, 275323
What are the prime factors of 786048?
2, 3, 23, 89
List the prime factors of 16173.
3, 599
What are the prime factors of 4198644?
2, 3, 223, 523
List the prime factors of 2110962.
2, 3, 7, 50261
What are the prime factors of 12673126?
2, 17, 372739
What are the prime factors of 1881477?
3, 13, 1237
What are the prime factors of 153239?
293, 523
What are the prime factors of 4633849?
11, 31, 107, 127
List the prime factors of 1151268.
2, 3, 197, 487
What are the prime factors of 19487061?
3, 11, 21871
What are the prime factors of 123145?
5, 11, 2239
What are the prime factors of 403018?
2, 7, 11, 2617
What are the prime factors of 12922816?
2, 201919
What are the prime factors of 3286007?
37, 88811
List the prime factors of 20146.
2, 7, 1439
What are the prime factors of 1726806?
2, 3, 287801
What are the prime factors of 689408?
2, 2693
List the prime factors of 154197.
3, 5711
What are the prime factors of 1850107?
7, 264301
What are the prime factors of 5881507?
17, 19, 131, 139
List the prime factors of 602267.
602267
What are the prime factors of 709078?
2, 354539
What are the prime factors of 24737635?
5, 13, 17, 61, 367
What are the prime factors of 419233?
83, 5051
What are the prime factors of 717108?
2, 3, 7, 8537
List the prime factors of 802380.
2, 3, 5, 43, 311
List the prime factors of 9109483.
9109483
What are the prime factors of 133211?
13, 10247
What are the prime factors of 333889?
233, 1433
What are the prime factors of 1407542?
2, 601, 1171
What are the prime factors of 1866679?
1866679
What are the prime factors of 3706387?
19, 10267
List the prime factors of 5344740.
2, 3, 5, 23, 1291
What are the prime factors of 9273067?
9273067
What are the prime factors of 121542?
2, 3, 47, 431
What are the prime factors of 126227?
126227
What are the prime factors of 186227?
186227
What are the prime factors of 106484?
2, 7, 3803
List the prime factors of 621019.
7, 79, 1123
List the prime factors of 6533541.
3, 7, 23, 167
List the prime factors of 319499.
319499
What are the prime factors of 251679?
3, 43, 1951
What are the prime factors of 3212696?
2, 401587
List the prime factors of 657171.
3, 73019
List the prime factors of 328773.
3, 29, 3779
What are the prime factors of 280335?
3, 5, 11, 1699
What are the prime factors of 101419?
101419
What are the prime factors of 1109155?
5, 221831
List the prime factors of 6556992.
2, 3, 13, 37, 71
List the prime factors of 1752281.
659, 2659
What are the prime factors of 1528274?
2, 11, 69467
What are the prime factors of 9767807?
7, 199343
List the prime factors of 262633.
7, 17, 2207
What are the prime factors of 62102?
2, 31051
What are the prime factors of 78452?
2, 11, 1783
List the prime factors of 6044529.
3, 47, 163, 263
What are the prime factors of 1419362?
2, 7, 101383
What are the prime factors of 29041903?
11, 1123, 2351
List the prime factors of 874980.
2, 3, 5, 4861
List the prime factors of 1586055.
3, 5, 43, 2459
List the prime factors of 21657307.
7, 41, 59, 1279
List the prime factors of 27537586.
2, 17, 809929
What are the prime factors of 95733?
3, 11, 967
List the prime factors of 71171.
71171
What are the prime factors of 7940909?
509, 15601
List the prime factors of 817159.
7, 107, 1091
List the prime factors of 2118525.
3, 5, 47, 601
What are the prime factors of 632405?
5, 126481
List the prime factors of 13886297.
17, 816841
List the prime factors of 283331.
293, 967
List the prime factors of 4327170.
2, 3, 5, 97, 1487
What are the prime factors of 312672?
2, 3, 3257
List the prime factors of 194234.
2, 97117
What are the prime factors of 1198774?
2, 599387
List the prime factors of 2010808.
2, 19, 13229
What are the prime factors of 679142?
2, 43, 53, 149
List the prime factors of 1356301.
29, 46769
What are the prime factors of 137115?
3, 5, 11, 277
List the prime factors of 110297.
11, 37, 271
List the prime factors of 127560.
2, 3, 5, 1063
List the prime factors of 2715037.
13, 457
List the prime factors of 9145138.
2, 4572569
List the prime factors of 834286.
2, 43, 89, 109
What are the prime factors of 7680?
2, 3, 5
What are the prime factors of 831719?
7, 131, 907
What are the prime factors of 65813?
11, 31, 193
What are the prime factors of 1287466?
2, 61, 173
List the prime factors of 1783706.
2, 193, 4621
List the prime factors of 1481374.
2, 740687
List the prime factors of 8470188.
2, 3, 37, 6359
List the prime factors of 345513.
3, 7, 16453
List the prime factors of 3924277.
7, 89, 6299
What are the prime factors of 4603499?
1303, 3533
List the prime factors of 256198.
2, 128099
List the prime factors of 13365685.
5, 2673137
What are the prime factors of 1422454?
2, 11, 19, 41, 83
List the prime factors of 2356298.
2, 7, 47, 3581
What are the prime factors of 139207?
107, 1301
What are the prime factors of 1323664?
2, 82729
What are the prime factors of 19538225?
5, 7, 97, 1151
List the prime factors of 9349955.
5, 1869991
What are the prime factors of 3821224?
2, 11, 173, 251
List the prime factors of 1152594.
2, 3, 64033
What are the prime factors of 14501792?
2, 453181
List the prime factors of 3720524.
2, 911, 1021
List the prime factors of 2544465.
3, 5, 7, 11, 2203
List the prime factors of 26244.
2, 3
What are the prime factors of 986792?
2, 23, 31, 173
What are the prime factors of 62795?
5, 19, 661
What are the prime factors of 260753?
260753
List the prime factors of 7950107.
11, 722737
List the prime factors of 9870134.
2, 43, 114769
List the prime factors of 4500.
2, 3, 5
What are the prime factors of 3205813?
13, 19, 12979
List the prime factors of 28176772.
2, 13, 19, 79
What are the prime factors of 4110681?
3, 1370227
What are the prime factors of 23089?
11, 2099
What are the prime factors of 4908?
2, 3, 409
What are the prime factors of 5550764?
2, 1387691
What are the prime factors of 265181?
7, 43, 881
List the prime factors of 194177.
277, 701
What are the prime factors of 14207883?
3, 29, 16330